tors of 6988.
2, 1747
What are the prime factors of 12524?
2, 31, 101
What are the prime factors of 5666?
2, 2833
List the prime factors of 207.
3, 23
List the prime factors of 12465.
3, 5, 277
What are the prime factors of 169?
13
List the prime factors of 6906.
2, 3, 1151
What are the prime factors of 30930?
2, 3, 5, 1031
List the prime factors of 36562.
2, 101, 181
List the prime factors of 55922.
2, 27961
List the prime factors of 586.
2, 293
What are the prime factors of 120037?
17, 23, 307
List the prime factors of 1403.
23, 61
What are the prime factors of 960?
2, 3, 5
What are the prime factors of 876?
2, 3, 73
What are the prime factors of 19130?
2, 5, 1913
List the prime factors of 2896.
2, 181
What are the prime factors of 4902?
2, 3, 19, 43
List the prime factors of 7376.
2, 461
List the prime factors of 13312.
2, 13
What are the prime factors of 3965?
5, 13, 61
List the prime factors of 33288.
2, 3, 19, 73
List the prime factors of 58737.
3, 7, 2797
What are the prime factors of 4384?
2, 137
What are the prime factors of 2350?
2, 5, 47
List the prime factors of 19572.
2, 3, 7, 233
What are the prime factors of 2321?
11, 211
List the prime factors of 339.
3, 113
List the prime factors of 497.
7, 71
List the prime factors of 649.
11, 59
List the prime factors of 11138.
2, 5569
List the prime factors of 521.
521
List the prime factors of 12904.
2, 1613
What are the prime factors of 29663?
29663
What are the prime factors of 1717?
17, 101
List the prime factors of 3687.
3, 1229
List the prime factors of 81472.
2, 19, 67
List the prime factors of 13573.
7, 277
What are the prime factors of 13627?
13627
What are the prime factors of 1393?
7, 199
What are the prime factors of 319?
11, 29
What are the prime factors of 34707?
3, 23, 503
List the prime factors of 49317.
3, 17, 967
List the prime factors of 104558.
2, 23, 2273
What are the prime factors of 1642?
2, 821
List the prime factors of 39136.
2, 1223
List the prime factors of 18858.
2, 3, 7, 449
What are the prime factors of 4932?
2, 3, 137
What are the prime factors of 752?
2, 47
What are the prime factors of 6572?
2, 31, 53
List the prime factors of 83.
83
List the prime factors of 123962.
2, 61981
List the prime factors of 17051.
17, 59
List the prime factors of 7265.
5, 1453
What are the prime factors of 7322?
2, 7, 523
What are the prime factors of 7466?
2, 3733
What are the prime factors of 19705?
5, 7, 563
List the prime factors of 987.
3, 7, 47
What are the prime factors of 9929?
9929
What are the prime factors of 650?
2, 5, 13
List the prime factors of 41216.
2, 7, 23
List the prime factors of 2531.
2531
List the prime factors of 30528.
2, 3, 53
List the prime factors of 515.
5, 103
What are the prime factors of 29314?
2, 14657
What are the prime factors of 5850?
2, 3, 5, 13
What are the prime factors of 2785?
5, 557
What are the prime factors of 1586?
2, 13, 61
What are the prime factors of 8023?
71, 113
List the prime factors of 442.
2, 13, 17
List the prime factors of 9634.
2, 4817
What are the prime factors of 30?
2, 3, 5
List the prime factors of 2660.
2, 5, 7, 19
What are the prime factors of 10168?
2, 31, 41
What are the prime factors of 91902?
2, 3, 17, 53
What are the prime factors of 1280?
2, 5
List the prime factors of 3027.
3, 1009
List the prime factors of 106014.
2, 3, 17669
List the prime factors of 1483.
1483
List the prime factors of 363.
3, 11
What are the prime factors of 38848?
2, 607
What are the prime factors of 16742?
2, 11, 761
List the prime factors of 3359.
3359
List the prime factors of 21187.
21187
What are the prime factors of 20789?
20789
List the prime factors of 1443.
3, 13, 37
What are the prime factors of 5600?
2, 5, 7
List the prime factors of 44166.
2, 3, 17, 433
List the prime factors of 9976.
2, 29, 43
What are the prime factors of 33013?
33013
What are the prime factors of 3021?
3, 19, 53
What are the prime factors of 23017?
23017
What are the prime factors of 19196?
2, 4799
List the prime factors of 660.
2, 3, 5, 11
What are the prime factors of 4045?
5, 809
List the prime factors of 19290.
2, 3, 5, 643
List the prime factors of 17698.
2, 8849
What are the prime factors of 1248?
2, 3, 13
List the prime factors of 850.
2, 5, 17
List the prime factors of 33672.
2, 3, 23, 61
What are the prime factors of 734?
2, 367
What are the prime factors of 23192?
2, 13, 223
What are the prime factors of 24055?
5, 17, 283
What are the prime factors of 20819?
109, 191
What are the prime factors of 2018?
2, 1009
What are the prime factors of 32380?
2, 5, 1619
List the prime factors of 21054.
2, 3, 11, 29
What are the prime factors of 5695?
5, 17, 67
What are the prime factors of 6991?
6991
What are the prime factors of 10708?
2, 2677
What are the prime factors of 7567?
7, 23, 47
List the prime factors of 7569.
3, 29
List the prime factors of 212.
2, 53
List the prime factors of 14198.
2, 31, 229
What are the prime factors of 30495?
3, 5, 19, 107
What are the prime factors of 944?
2, 59
What are the prime factors of 398?
2, 199
List the prime factors of 1035.
3, 5, 23
What are the prime factors of 344?
2, 43
What are the prime factors of 296?
2, 37
What are the prime factors of 2725?
5, 109
List the prime factors of 59861.
31, 1931
List the prime factors of 9042.
2, 3, 11, 137
List the prime factors of 3916.
2, 11, 89
List the prime factors of 212.
2, 53
What are the prime factors of 10199?
7, 31, 47
What are the prime factors of 1582?
2, 7, 113
What are the prime factors of 145257?
3, 7, 6917
List the prime factors of 40575.
3, 5, 541
List the prime factors of 7983.
3, 887
What are the prime factors of 18769?
137
List the prime factors of 1169.
7, 167
What are the prime factors of 2274?
2, 3, 379
List the prime factors of 135725.
5, 61, 89
What are the prime factors of 922?
2, 461
List the prime factors of 74580.
2, 3, 5, 11, 113
What are the prime factors of 65643?
3, 21881
List the prime factors of 10371.
3, 3457
List the prime factors of 3575.
5, 11, 13
List the prime factors of 1489.
1489
What are the prime factors of 4704?
2, 3, 7
List the prime factors of 3610.
2, 5, 19
List the prime factors of 199944.
2, 3, 2777
What are the prime factors of 2639?
7, 13, 29
List the prime factors of 34329.
3, 11443
List the prime factors of 3582.
2, 3, 199
List the prime factors of 3564.
2, 3, 11
List the prime factors of 641.
641
List the prime factors of 46658.
2, 41, 569
What are the prime factors of 926?
2, 463
What are the prime factors of 4259?
4259
List the prime factors of 758.
2, 379
What are the prime factors of 66?
2, 3, 11
List the prime factors of 2292.
2, 3, 191
List the prime factors of 15298.
2, 7649
List the prime factors of 13726.
2, 6863
What are the prime factors of 1409?
1409
List the prime factors of 26.
2, 13
List the prime factors of 4119.
3, 1373
List the prime factors of 17042.
2, 8521
List the prime factors of 2221.
2221
List the prime factors of 214.
2, 107
What are the prime factors of 13592?
2, 1699
What are the prime factors of 5260?
2, 5, 263
List the prime factors of 15763.
11, 1433
List the prime factors of 316.
2, 79
List the prime factors of 2672.
2, 167
What are the prime factors of 47577?
3, 15859
List the prime factors of 4103.
11, 373
What are the prime factors of 346?
2, 173
What are the prime factors of 2029?
2029
What are the prime factors of 23132?
2, 5783
List the prime factors of 64506.
2, 3, 13, 827
What are the prime factors of 2160?
2, 3, 5
List the prime factors of 8036.
2, 7, 41
What are the prime factors of 9397?
9397
What are the prime factors of 1016?
2, 127
What are the prime factors of 5010?
2, 3, 5, 167
What are the prime factors of 254?
2, 127
What are the prime factors of 1557?
3, 173
List the prime factors of 9883.
9883
What are the prime factors of 36112?
2, 37, 61
List the prime factors of 3922.
2, 37, 53
What are the prime factors of 18017?
43, 419
What are the prime factors of 15771?
3, 7, 751
What are the prime factors of 1779?
3, 593
List the prime factors of 3773.
7, 11
List the prime factors of 8103.
3, 37, 73
List the prime factors of 12843.
3, 1427
What are the prime factors of 18661?
18661
What are the prime factors of 20417?
17, 1201
What are the prime factors of 3145?
5, 17, 37
List 